 and 1616461?
77
What is the highest common factor of 5125306 and 17618?
766
Calculate the greatest common factor of 8502795 and 945.
315
Calculate the greatest common divisor of 483 and 6429351.
69
Calculate the greatest common factor of 1046212 and 1961.
37
What is the greatest common divisor of 765646 and 406980?
238
What is the greatest common divisor of 52104 and 398307?
39
What is the greatest common divisor of 327183154 and 114?
38
Calculate the highest common factor of 958337 and 3512.
439
Calculate the greatest common factor of 165954 and 23358.
102
Calculate the highest common factor of 112234 and 16694.
34
Calculate the greatest common factor of 4343 and 383.
1
Calculate the greatest common factor of 157214846 and 36610.
1046
What is the greatest common divisor of 341230 and 6?
2
What is the highest common divisor of 168 and 19713813?
21
What is the greatest common factor of 1664819 and 6929?
169
Calculate the greatest common factor of 5285835 and 186345.
4545
What is the highest common factor of 102492 and 74412?
1404
Calculate the highest common factor of 2089739 and 47029.
359
Calculate the greatest common factor of 24211 and 10131913.
781
Calculate the highest common divisor of 132 and 259079612.
44
Calculate the highest common divisor of 1800857 and 7456.
233
What is the greatest common factor of 144 and 224317908?
36
Calculate the highest common divisor of 9684160 and 183592.
424
Calculate the highest common factor of 2305488 and 14521.
1117
What is the highest common factor of 1003370 and 25?
5
What is the highest common factor of 2096 and 757432?
8
Calculate the greatest common factor of 4205943 and 212842.
4627
Calculate the greatest common divisor of 47205961 and 3.
1
What is the greatest common factor of 2701 and 328079?
37
Calculate the highest common divisor of 336442659 and 2201.
2201
Calculate the greatest common divisor of 2014 and 584858.
38
Calculate the highest common divisor of 33399300 and 360.
60
What is the greatest common divisor of 2650004 and 24428?
124
Calculate the greatest common divisor of 10479 and 212832981.
1497
Calculate the highest common factor of 95397309 and 33516.
1197
Calculate the highest common factor of 6795685 and 30.
5
Calculate the highest common divisor of 66987 and 84354.
2481
What is the highest common divisor of 3347740 and 1188?
44
What is the highest common factor of 39094432 and 32?
32
Calculate the greatest common divisor of 9136523 and 22.
11
What is the highest common factor of 45719832 and 936?
24
Calculate the highest common factor of 135342624 and 2736.
912
Calculate the highest common factor of 1407 and 3233580.
21
Calculate the highest common factor of 2833675100 and 25.
25
What is the highest common divisor of 29768 and 28872?
8
Calculate the highest common factor of 382356816 and 68263.
5251
What is the greatest common factor of 1698 and 24297814?
566
Calculate the highest common divisor of 112548 and 21244.
452
What is the greatest common factor of 420 and 496086?
6
What is the greatest common factor of 458979 and 81?
3
What is the greatest common factor of 2632746 and 681?
681
What is the greatest common factor of 64847776 and 294?
98
Calculate the highest common factor of 36677552 and 8.
8
Calculate the greatest common divisor of 7917 and 119973.
609
What is the greatest common divisor of 21 and 96418588?
7
Calculate the highest common factor of 12 and 198885156.
12
Calculate the highest common factor of 27431158 and 322422.
6322
What is the greatest common factor of 1004130 and 2565?
135
What is the highest common divisor of 7896062 and 1856?
58
What is the greatest common factor of 282813143 and 5991?
1997
Calculate the highest common divisor of 2394 and 2419137.
1197
Calculate the greatest common factor of 671072 and 7352996.
1252
What is the greatest common factor of 9432 and 32205564?
4716
What is the greatest common factor of 30836 and 144536041?
7709
What is the greatest common divisor of 2818910 and 8888?
202
What is the greatest common divisor of 139 and 47198701?
139
What is the highest common factor of 65 and 321254895?
65
Calculate the highest common factor of 3445 and 22333670.
265
Calculate the greatest common divisor of 2060 and 2163515.
515
Calculate the highest common factor of 28 and 230046761.
7
Calculate the greatest common factor of 452768092 and 56.
28
Calculate the highest common factor of 388 and 166892962.
194
What is the greatest common factor of 21164 and 294668?
1628
Calculate the highest common divisor of 290 and 15585905.
145
Calculate the highest common factor of 6584 and 12126905.
823
Calculate the greatest common divisor of 300 and 7044.
12
Calculate the greatest common factor of 189312 and 338432.
128
Calculate the greatest common factor of 325511 and 357463.
1997
What is the highest common divisor of 6 and 581971938?
6
What is the highest common divisor of 6820 and 39017?
11
What is the greatest common divisor of 456 and 28382952?
24
What is the greatest common divisor of 9945282 and 1304?
326
What is the greatest common factor of 251315576 and 213?
71
What is the highest common divisor of 2872562 and 11?
11
Calculate the highest common divisor of 20 and 24375460.
20
Calculate the highest common factor of 13536 and 28604952.
3384
What is the highest common factor of 9812 and 4718164?
44
Calculate the highest common divisor of 1219 and 9707851.
53
What is the greatest common factor of 45 and 73273830?
15
Calculate the highest common divisor of 3824221 and 5201.
743
What is the highest common factor of 708064440 and 72?
24
Calculate the greatest common factor of 230464 and 360.
8
Calculate the highest common factor of 440994 and 2854394.
2194
What is the greatest common factor of 975 and 225052581?
39
Calculate the highest common divisor of 826 and 1877232.
14
Calculate the greatest common factor of 5526951 and 75.
3
What is the highest common divisor of 60027017 and 119?
17
What is the highest common factor of 866107676 and 42?
14
What is the highest common factor of 60860081 and 683?
683
What is the greatest common divisor of 88248 and 2808?
24
What is the highest common factor of 14145040 and 44863?
2639
Calculate the greatest common factor of 100 and 29706590.
10
What is the highest common divisor of 124252380 and 1260?
1260
What is the highest common factor of 7293088 and 45056?
352
Calculate the greatest common divisor of 140406 and 20118.
42
Calculate the greatest common divisor of 700 and 568967.
7
Calculate the highest common factor of 2 and 2424802.
2
What is the highest common divisor of 243 and 10752507?
243
Calculate the greatest common divisor of 199723 and 677411.
2059
What is the greatest common divisor of 8 and 147910616?
8
Calculate the greatest common factor of 54702 and 1117339.
1013
What is the highest common divisor of 23267783 and 1232?
77
What is the greatest common factor of 11978238 and 22384?
2798
Calculate the highest common factor of 5376 and 10995624.
24
Calculate the greatest common factor of 837 and 1424512.
31
Calculate the greatest common divisor of 245731 and 18247.
71
What is the highest common divisor of 6291780 and 5918?
22
Calculate the highest common divisor of 4490220 and 4725.
105
What is the highest common divisor of 2490577 and 703?
19
What is the highest common factor of 67693859 and 5255?
1051
What is the highest common factor of 7820 and 334154465?
1955
Calculate the greatest common divisor of 25700 and 711300.
100
What is the greatest common factor of 19840768 and 17408?
4352
Calculate the greatest common factor of 3725839 and 143.
13
Calculate the highest common factor of 2800 and 1440005.
35
What is the highest common factor of 325 and 2599129?
13
What is the greatest common factor of 28269144 and 408?
24
What is the highest common divisor of 192682045 and 15?
5
What is the greatest common factor of 664969 and 222150?
1481
What is the highest common divisor of 22711 and 57184551?
1747
What is the highest common divisor of 7280301 and 714?
357
What is the greatest common divisor of 76032640 and 320?
320
Calculate the greatest common factor of 90418 and 12606487.
853
Calculate the highest common factor of 1516 and 132509012.
1516
What is the greatest common factor of 1240064 and 10?
